hat is (20 - 25) + -2 - (0 + -2)?
-5
3 - (2 - -3) - (2 - 1)
-3
What is the value of 0 - -4 - ((0 - 2) + 5)?
1
Calculate (-11 - 0) + (-8 - 1) + 15.
-5
Calculate (-3 - -7) + -1 - (1 + 0).
2
Calculate 3 + (0 + -2 - -3) + -5.
-1
Evaluate (-14 - -6) + -1 + 5 - 0.
-4
Calculate (2 - 4) + (3 - 4) + -1.
-4
What is -6 + 7 + -6 - -4 - 4?
-5
Evaluate 4 + 1 + (-17 - -8).
-4
Calculate -4 - (-6 - (-10 + 9)).
1
Evaluate (-4 - 2) + (2 - 3) - -5.
-2
What is the value of -39 - -48 - (11 + 1)?
-3
Calculate 0 + 0 + 1 + 0.
1
(-6 + 8 + -3 - -6) + -14
-9
Evaluate 4 + (-14 - -5) + 11.
6
-4 + (2 - -3) + (0 - 0)
1
Calculate -2 + 3 - (-2 + -1).
4
-2 + 1 + (2 - 0) + -3
-2
Evaluate (43 - 34) + -16 + -3.
-10
What is the value of -3 + -4 - (-13 + 7)?
-1
Calculate (-4 - -9) + -7 - (-7 - -1).
4
(1 - (-4 + 10)) + 4
-1
Calculate -1 + ((2 - -1) + 1 - 4).
-1
Calculate (1 - -3) + -9 - -5.
0
What is the value of -3 + 5 - (-2 - -1)?
3
What is the value of -8 - (-4 + (-3 - 8))?
7
What is the value of -6 + 16 + -8 + 7?
9
-14 + 15 + -4 + (1 - -1)
-1
-8 - ((-3 - -2) + 2 - 5)
-4
4 + 0 + (-47 - -36)
-7
What is 3 + -3 + (-1 - (-6 - -3))?
2
Evaluate -5 + (1 - 3) + 13 + -2.
4
What is the value of 2 + -9 + 8 - -3?
4
Calculate (4 - (1 + 3) - 2) + 4.
2
What is the value of -7 + 8 + 4 + -2?
3
What is the value of (-2 - 0 - -1) + -3?
-4
What is the value of -1 - (1 + -2 - -2)?
-2
What is the value of 0 + (6 - 3) + -2?
1
20 - 14 - (1 + 2)
3
Calculate 3 + 3 + (-7 - 1).
-2
What is the value of (-56 - -63 - (4 + 1)) + -4?
-2
What is 0 + 1 + -15 + (-14 - -21)?
-7
What is the value of -4 + 0 + (9 - (-13 - -23))?
-5
Calculate 4 - ((-4 - -9) + 2).
-3
What is -3 - (3 + -6) - 1?
-1
What is the value of -7 + (3 - -2) + 7?
5
Evaluate (-3 + 1 + 1 - 2) + 5.
2
What is the value of 1 + (-2 - -1) - (-37 - -36)?
1
What is the value of 3 + -4 + 3 + 2?
4
(3 - 1) + (-1 - (2 + 2))
-3
What is -8 - (7 + -6 + 3) - -5?
-7
-21 + 0 + 9 - -17
5
5 + -2 + -9 + 4
-2
What is -5 + (1 - (-1 + 5 + -6))?
-2
Evaluate -2 - (10 + -14 + 6).
-4
What is 9 - 2 - (1 + 9)?
-3
What is the value of (-2 - 0) + 1 + 6?
5
-2 - (-2 + 0 + (-1 - -1))
0
Calculate (-4 - -2) + 0 + -29 + 27.
-4
What is -4 - (0 + 1 + -1)?
-4
What is the value of -1 + 1 - (0 - -3)?
-3
Calculate 3 + -2 + (2 - -1) + 0.
4
What is (0 + 2 - -1) + -12 + 10?
1
What is the value of -7 - (-1 + 1 + -2)?
-5
Evaluate 15 + -11 + 7 + -4.
7
-6 - -1 - (-1 + 1 + -6)
1
Calculate -3 + (3 - (5 + -5)) + 3.
3
What is the value of -2 + (4 - 0 - (0 + 3))?
-1
What is (8 - 13) + (6 - 5)?
-4
Evaluate 5 - 6 - 1 - (-6 + 9).
-5
What is 10 + -7 + -9 + 1?
-5
What is the value of 3 + (3 - 3 - (0 - 1))?
4
Evaluate (-11 - 4 - -4) + 6.
-5
-1 + 6 + (-16 - -12)
1
-2 + 0 - (-6 - 1)
5
What is the value of -6 + 10 + -2 + 3?
5
Evaluate 2 + 4 + 1 + -1 - 1.
5
Calculate -2 - (1 + (3 - 2) + -3).
-1
Calculate -127 + 117 + (1 - -4) + 2.
-3
What is 5 + (-3 - -1 - (28 + -30))?
5
Calculate 0 - (-7 + 5) - (-3 + 4).
1
What is (-1 - (10 - 0)) + 6?
-5
Calculate 4 - (-4 + 3) - 6.
-1
Evaluate 6 + (6 + -5 - 2).
5
Calculate 5 + (-5 - 0) + (4 - 0).
4
What is 0 - (-5 - -3) - -3?
5
(9 - 5) + 1 + -4
1
(-2 - (10 + -6)) + 6
0
What is -1 + (-1 - -1) - (75 - 78)?
2
What is (3 - (2 - 5)) + (7 - 10)?
3
What is the value of (-7 + 22 - 10) + -6?
-1
What is 2 - (-2 + 4 - (0 + 5))?
5
What is the value of 6 + (7 - 11 - (-1 + 1))?
2
Evaluate 2 + -5 + 1 + 3.
1
What is -13 - (-11 - -3 - -2)?
-7
Calculate 1 + 1 + -26 + 31.
7
Calculate (-8 - (7 + -10)) + 10 + 4.
9
Calculate (1 - -1) + 0 - (5 + -1).
-2
Calculate -5 + 0 + 1 + 19 + -14.
1
Evaluate -2 + (2 - (-1 + 0)).
1
Evaluate (2 - -1) + (9 - (3 - -4)).
5
What is 12 + (-8 + 12 - 13)?
3
What is the value of 4 + 5 + -7 - 5?
-3
(4 - (1 - -11)) + 3
-5
Calculate (3 - 3) + (-1 - -3) + 3.
5
What is -1 - -4 - 1 - -2?
4
What is -2 - (-10 + (12 - 1 - 6))?
3
Calculate 4 - (5 + -1 + 2).
-2
What is (-11 - -16) + 1 + (3 - 3)?
6
What is the value of -6 + 4 + 5 + -2 + 3?
4
What is -4 - -4 - -3 - 1?
2
-2 - (-11 + (7 - -1))
1
Calculate -4 + 2 + 6 + -15 + 17.
6
Evaluate -11 - (-16 + (-15 - -12)).
8
8 + 0 + -11 + (7 - 0)
4
What is the value of (1 - (-6 - (4 - 8))) + -4?
-1
What is 5 + -1 + 7 + -13 + 4?
2
Evaluate 7 + (-5 - (7 + -6)) + 2.
3
What is (14 - 9) + (2 - 3)?
4
What is the value of -3 - 1 - (-14 - -10)?
0
Evaluate -6 + -1 + 9 + 0.
2
What is (-4 - -1) + 9 + -3 - -4?
7
-1 + 2 + -17 + 16
0
0 + (3 - 0) + -8
-5
What is the value of (-5 + 6 - (-1 + -4)) + -3?
3
0 - (-5 + 4 - -4)
-3
What is 2 + (0 - (1 - -3))?
-2
Evaluate 2 + -5 + 7 + -2.
2
3 + -3 + (0 - -2) - 7
-5
0 + (-5 - -7) - (10 - 1)
-7
What is -5 - (28 - 35 - (-2 + 6))?
6
6 - 11 - 1 - -6
0
What is the value of -6 + (7 - (-5 + 2))?
4
-26 + 29 - (7 - 2)
-2
Evaluate 9 - 2 - ((-1 - 0) + 3).
5
3 + -3 + (-1 - -5) + -5
-1
What is the value of 7 + -5 + 2 + -1?
3
Calculate 3 + 0 + (2 - 4).
1
Evaluate 7 + (8 - (-1 + 7)) - 1.
8
What is -1 + 11 - 5 - 3?
2
Calculate 5 + -3 + (3 + 0 - 0).
5
What is the value of 5 - (-6 + (1 - -6))?
4
What is -1 + -1 + -3 - -2?
-3
What is the value of -28 + 25 + (-4 - (-4 - 1))?
-2
What is the value of 0 + -11 + -1 + 7?
-5
-6 + 4 - 3 - (-1 - 0)
-4
Evaluate 7 + (0 - (4 + 2)).
1
Calculate -2 + 1 - (-6 - -4).
1
What is the value of -3 + (16 + -7 - 6)?
0
What is 0 - 10 - (-12 + 4)?
-2
What is -3 + (-1 + -3 + 3 - -3)?
-1
What is -4 - -9 - (2 + (-7 - -3))?
7
What is -1 - -3 - (-2 - (0 + 1))?
5
Evaluate -7 + -14 + 10 + 14.
3
Calculate (1 - 4) + (1 - (5 - 6)).
-1
What is 6 + -7 + 3 + 2 + 0?
4
(12 - (17 + -10)) + 2
7
Evaluate 1 + (-1 - 2) + 0 + 5.
3
2 + (-1 - -2) - 1
2
Evaluate (-2 - 6) + (33 - 14).
11
Evaluate 20 + -15 + (-1 - (0 + 2)).
2
What is the value of 2 + 0 + -8 - (15 + -17)?
-4
Evaluate -9 + (2 - 3) - -17.
7
What is 6 - (12 + -12 - -10)?
-4
What is (2 - -5 - (4 + -3)) + -5?
1
What is the value of -1 + -3 + 13 + -12?
-3
Evaluate -1 - (5 + -5 + 2).
-3
What is the value of -5 + -1 + -2 + 3?
-5
-2 + (-9 - -4 - -10)
3
Calculate -1 + (4 - 2) - (5 - 6).
2
Evaluate 8 + -1 - (-2 - -5).
4
-8 + 1 - (2 + -12)
3
What is -5 - 1 - (-6 + 2)?
-2
Evaluate -11 - (7 + 1 + -17).
-2
What is -1 - (-8 - -6) - -1?
2
What is the value of -4 + (6 - 0) - (-4 + 1)?
5
Evaluate 6 + (-13 - 4) + 8.
-3
What is the value of -2 + 0 - (-5 + (6 - 7))?
4
What is 1 - 5 - (-7 - 1)?
4
What is the value of 0 - -4 - (2 - 4)?
6
-8 - (-5 - -4 - 7)
0
Evaluate 5 + -7 + (-5 - -11) + 3.
7
What is -4 + (13 - (-9 - -8)) + -3?
7
What is -11 + (6 + -14 - -18)?
-1
Evaluate -2 + (-6 - (-12 - -7)).
-3
Evaluate 0 + 3 - (5 - -2 - 11).
7
Evaluate -4 - -18 - 17 - (7 - 1).
-9
What is the value of (1 - (-4 + 2)) + (-7 - -3)?
-1
What is 4 - (-4 + 0 - -4) - 5?
-1
-1 - ((-8 - -5) + -5)
7
(2 - -1) + (-10 - (2 + -11))
2
Calculate -2 - (-24 - -14 - (-1 - 3)).
4
(0 - (-7 - -3)) + -9
-5
What is the value of 1 + 6 - (10 + -5)?
2
1 - 9 - (-1 - (4 - 1))
-4
Evaluate 1 + -2 + 1 + 0 - -2.
2
Evaluate 11 + (-8 - -4) + (-16 - -14).
5
What is the value of 11 + -4 + -4 + (-4 - -7)?
6
Evaluate 7 + 6 + (-8 + 2 - 7).
0
What is the value of (112 - 116) + 0 + 4?
0
Calculate (-1 - (3 - 13)) + -4.
5
-7 + -7 + 11 + 4
1
What is -2 + -10 + (-8 - -18)?
-2
Calculate 3 + -3 + (-3 - 0) + 8.
5
What is the value of 0 + 1 + (2 - (-2 + 1))?
4
Calculate -1 - (-3 + 6 + 0).
-4
What is the value of 20 + -7 + (-15 - -13)?
11
(6 - 1) + 93 + -91
7
Evaluate -1 - (4 + -17) - 15.
-3
What is 0 + 3 + 7 + 4 + -10?
4
1 + -4 + -4 + 8
1
What is -4 + 6 + 10 + -5 + 0?
7
Evaluate -9 + (18 - 1) + -7.
1
Calculate 0 + 1 + -9 + -1 + 7.
-2
What is the value of 47 + -41 - (8 + -1)?
-1
4 + -11 + 0 + 2
-5
What is the value of (-1 + (5 - 4) - 3) + 0?
-3
2 - (3 - 2 - (-28 + 22))
-5
-16 + (24 - (2 + 8))
-2
What is -5 - (-8 - (1 - 5)) - 3?
-4
Calculate 0 + (0 - 0) + -1 + 1.
0
Evaluate 0 - 0 - (-20 - -15).
5
What is -22 + 15 + -4 + -3 + 3?
-11
(-1 - -4) + -1 - (36 + -27)
-7
Calculate 5 + -3 - (4 - -2 - 1).
-3
Calculate 1 + -10 + 4 + (16 - 15).
-4
What is 3 - -1 - (30 + -19 + -6)?
-1
What is the value of 0 + 4 + -1 + -3?
0
What is the value of 2 + 2 + (-6 - -4)?
2
Evaluate 5 + -1 + (-6 - -6).
4
What is (-2 - 1) + -11 + 12?
-2
What is the value of (-2 - (-6 + 9)) + 7?
2
Calculate 5 + (-4 - (-1 + 8)) + 2.
-4
Evaluate (9 - 7) + -4 + 6 - 0.
4
Evaluate -10 - (5 - (14 - 4)).
-5
Calculate (-7 - -3) + 7 + -6.
-3
What is 3 + ((4 - 6) + 10 - 6)?
5
Calculate (0 - (-2 - -8)) + 2.
-